{"id":3322,"date":"2025-02-18T10:30:21","date_gmt":"2025-02-18T10:30:21","guid":{"rendered":"https:\/\/www.youcanfly.fr\/ailes-paramoteur\/?page_id=3322"},"modified":"2025-02-18T10:30:22","modified_gmt":"2025-02-18T10:30:22","slug":"garantie-harnais","status":"publish","type":"page","link":"https:\/\/www.solfrance.fr\/ailes-paramoteur\/garantie-harnais\/","title":{"rendered":"GARANTIE HARNAIS"},"content":{"rendered":"\n<h2 class=\"wp-block-heading\">GARANTIE HARNAIS \u2013 1 AN \/ 100 HEURES<\/h2>\n\n\n\n<p>La garantie du harnais SOL Paragliders est limit\u00e9e \u00e0 1 (un) an. Pendant cette p\u00e9riode la garantie est valable pour les mat\u00e9riaux et les erreurs sur les processus de fabrication \u00e9tant observ\u00e9s dans des conditions pr\u00e9d\u00e9finies. Cette garantie n\u2019est pas valable pour un usage professionnel (pour l\u2019instruction). Cette garantie est valable pour tout harnais SOL, certifi\u00e9 AFNOR, CEN, DHV, LTF ou EN, destin\u00e9 \u00e0 un usage de loisir uniquement.<\/p>\n\n\n\n<p>Ceci n\u2019inclut pas les \u00e9quipements professionnels (\u00e9cole, comp\u00e9titions, voltige, etc). Cette garantie est d\u00e9finie comme la r\u00e9paration ou le remplacement des pi\u00e8ces d\u00e9fectueuses de l\u2019\u00e9quipement d\u00e9termin\u00e9es par le producteur.<\/p>\n\n\n\n<h2 class=\"wp-block-heading\">TERMES DE LA GARANTIE<\/h2>\n\n\n\n<p><br>Cette garantie est valable pour les mat\u00e9riaux et les erreurs sur les processus de fabrication de la sellette \u00e9tant observ\u00e9s dans des conditions pr\u00e9d\u00e9finies.<br>Cette garantie est valable pour toute sellette SOL, certifi\u00e9e AFNOR, CEN, DHV, LTF ou EN, destin\u00e9e \u00e0 un usage de loisir uniquement. Sont exclus les \u00e9quipements professionnels (\u00e9cole, comp\u00e9tition, voltige, etc.).<\/p>\n\n\n\n<h2 class=\"wp-block-heading\">Conditions de garantie<\/h2>\n\n\n\n<p>Un formulaire en trois parties doit \u00eatre rempli correctement et envoy\u00e9 \u00e0 SOL Paragliders dans les 30 jours suivant l\u2019achat. Une copie est conserv\u00e9e par le propri\u00e9taire et une autre est conserv\u00e9e par le revendeur.<br>L\u2019\u00e9quipement doit \u00eatre utilis\u00e9 et entretenu en suivant strictement les instructions donn\u00e9es dans le manuel du propri\u00e9taire. Cela inclut le stockage, le pliage et le nettoyage de la sellette.<br>L\u2019entretien et le contr\u00f4le du harnais doivent \u00eatre effectu\u00e9s uniquement par le fabricant ou un atelier de r\u00e9paration agr\u00e9\u00e9 et un registre doit \u00eatre conserv\u00e9.<br>La sellette doit \u00eatre inspect\u00e9e chaque ann\u00e9e ou toutes les 100 heures de vol, 100 vols si ce nombre de vols est atteint avant un an. Sans cette inspection annuelle, la sellette perd sa certification et sa garantie.<br>Tous les frais d\u2019exp\u00e9dition et de manutention sont \u00e0 la charge du propri\u00e9taire.<br>La d\u00e9cision finale d\u2019\u00e9change ou de r\u00e9paration de la sellette sera prise par SOL Paragliders. Le propri\u00e9taire doit envoyer \u00e0 SOL Paragliders :<br>a) La sellette respective \u00e0 \u00e9changer ou \u00e0 r\u00e9parer et une copie de toutes les inspections et du carnet de vol.<br>b)&nbsp;<a href=\"http:\/\/www.solparagliders.com.br\/registro.php\">Remplir le formulaire de garantie SOL Paragliders<\/a>.<\/p>\n\n\n\n<h2 class=\"wp-block-heading\">Cette garantie ne couvre pas<\/h2>\n\n\n\n<p>Les alt\u00e9rations du tissu, des sangles et du mat\u00e9riel d\u2019origine ;<br>Les dommages caus\u00e9s par des moyens chimiques, le sable, la friction, les produits de nettoyage ou l\u2019eau sal\u00e9e ;<br>Tout dommage caus\u00e9 \u00e0 la suite d\u2019erreurs lors du fonctionnement du produit, d\u2019incidents ou de situations d\u2019urgence ;<br>Tout dommage caus\u00e9 par un fonctionnement inad\u00e9quat du produit ;<br>Les produits ayant fait l\u2019objet d\u2019une modification par rapport au design original et sans l\u2019autorisation de SOL Paragliders.<br>Les dommages caus\u00e9s par un transport, un stockage ou des r\u00e9glages inappropri\u00e9s du produit.<br>Les dommages caus\u00e9s par l\u2019utilisation de composants non compatibles avec le produit.<br>Dommages caus\u00e9s par l\u2019utilisation d\u2019un emballage inappropri\u00e9 pour le transport.<br>Produits sans \u00e9tiquette d\u2019identification et num\u00e9ro de s\u00e9rie originaux.<br>Manipulation inad\u00e9quate des instructions donn\u00e9es dans le manuel d\u2019utilisation.<\/p>\n","protected":false},"excerpt":{"rendered":"<p>GARANTIE HARNAIS \u2013 1 AN \/ 100 HEURES La garantie du harnais SOL Paragliders est limit\u00e9e \u00e0 1 (un) an. Pendant cette p\u00e9riode la garantie est valable pour les mat\u00e9riaux et les erreurs sur les processus de fabrication \u00e9tant observ\u00e9s dans des conditions pr\u00e9d\u00e9finies. Cette garantie n\u2019est pas valable pour un usage professionnel (pour l\u2019instruction). [&hellip;]<\/p>\n","protected":false},"author":1,"featured_media":0,"parent":0,"menu_order":0,"comment_status":"closed","ping_status":"closed","template":"","meta":{"cybocfi_hide_featured_image":"","footnotes":""},"class_list":["post-3322","page","type-page","status-publish","hentry"],"aioseo_notices":[],"_links":{"self":[{"href":"https:\/\/www.solfrance.fr\/ailes-paramoteur\/wp-json\/wp\/v2\/pages\/3322","targetHints":{"allow":["GET"]}}],"collection":[{"href":"https:\/\/www.solfrance.fr\/ailes-paramoteur\/wp-json\/wp\/v2\/pages"}],"about":[{"href":"https:\/\/www.solfrance.fr\/ailes-paramoteur\/wp-json\/wp\/v2\/types\/page"}],"author":[{"embeddable":true,"href":"https:\/\/www.solfrance.fr\/ailes-paramoteur\/wp-json\/wp\/v2\/users\/1"}],"replies":[{"embeddable":true,"href":"https:\/\/www.solfrance.fr\/ailes-paramoteur\/wp-json\/wp\/v2\/comments?post=3322"}],"version-history":[{"count":1,"href":"https:\/\/www.solfrance.fr\/ailes-paramoteur\/wp-json\/wp\/v2\/pages\/3322\/revisions"}],"predecessor-version":[{"id":3323,"href":"https:\/\/www.solfrance.fr\/ailes-paramoteur\/wp-json\/wp\/v2\/pages\/3322\/revisions\/3323"}],"wp:attachment":[{"href":"https:\/\/www.solfrance.fr\/ailes-paramoteur\/wp-json\/wp\/v2\/media?parent=3322"}],"curies":[{"name":"wp","href":"https:\/\/api.w.org\/{rel}","templated":true}]}}