{"id":3832,"date":"2025-02-25T13:55:46","date_gmt":"2025-02-25T13:55:46","guid":{"rendered":"https:\/\/www.youcanfly.fr\/ailes-paramoteur\/?page_id=3832"},"modified":"2026-02-13T19:15:46","modified_gmt":"2026-02-13T19:15:46","slug":"squad-light","status":"publish","type":"page","link":"https:\/\/www.solfrance.fr\/ailes-paramoteur\/squad-light\/","title":{"rendered":"Squad light"},"content":{"rendered":"\t\t<div data-elementor-type=\"wp-page\" data-elementor-id=\"3832\" class=\"elementor elementor-3832\" data-elementor-post-type=\"page\">\n\t\t\t\t<div class=\"elementor-element elementor-element-321fc7e e-con-full e-flex e-con e-parent\" data-id=\"321fc7e\" data-element_type=\"container\" data-e-type=\"container\">\n\t\t\t\t<div class=\"elementor-element elementor-element-83522aa elementor-widget elementor-widget-image\" data-id=\"83522aa\" data-element_type=\"widget\" data-e-type=\"widget\" data-widget_type=\"image.default\">\n\t\t\t\t<div class=\"elementor-widget-container\">\n\t\t\t\t\t\t\t\t\t\t\t\t\t\t\t<img fetchpriority=\"high\" decoding=\"async\" width=\"1300\" height=\"454\" src=\"https:\/\/www.solfrance.fr\/ailes-paramoteur\/wp-content\/uploads\/sites\/3\/2025\/02\/rs_squadlight_topo.jpg\" class=\"attachment-full size-full wp-image-3834\" alt=\"\" srcset=\"https:\/\/www.solfrance.fr\/ailes-paramoteur\/wp-content\/uploads\/sites\/3\/2025\/02\/rs_squadlight_topo.jpg 1300w, https:\/\/www.solfrance.fr\/ailes-paramoteur\/wp-content\/uploads\/sites\/3\/2025\/02\/rs_squadlight_topo-300x105.jpg 300w, https:\/\/www.solfrance.fr\/ailes-paramoteur\/wp-content\/uploads\/sites\/3\/2025\/02\/rs_squadlight_topo-1024x358.jpg 1024w, https:\/\/www.solfrance.fr\/ailes-paramoteur\/wp-content\/uploads\/sites\/3\/2025\/02\/rs_squadlight_topo-768x268.jpg 768w\" sizes=\"(max-width: 1300px) 100vw, 1300px\" \/>\t\t\t\t\t\t\t\t\t\t\t\t\t\t\t<\/div>\n\t\t\t\t<\/div>\n\t\t\t\t<\/div>\n\t\t<div class=\"elementor-element elementor-element-f04d0a0 e-flex e-con-boxed e-con e-parent\" data-id=\"f04d0a0\" data-element_type=\"container\" data-e-type=\"container\">\n\t\t\t\t\t<div class=\"e-con-inner\">\n\t\t\t\t<div class=\"elementor-element elementor-element-d8e9099 elementor-widget elementor-widget-text-editor\" data-id=\"d8e9099\" data-element_type=\"widget\" data-e-type=\"widget\" data-widget_type=\"text-editor.default\">\n\t\t\t\t<div class=\"elementor-widget-container\">\n\t\t\t\t\t\t\t\t\t<section class=\"elementor-section elementor-top-section elementor-element elementor-element-f3cc9e3 elementor-section-boxed elementor-section-height-default elementor-section-height-default\" data-particle_enable=\"false\" data-particle-mobile-disabled=\"false\" data-id=\"f3cc9e3\" data-element_type=\"section\"><div class=\"elementor-container elementor-column-gap-default\"><div class=\"elementor-column elementor-col-100 elementor-top-column elementor-element elementor-element-fd38341\" data-id=\"fd38341\" data-element_type=\"column\"><div class=\"elementor-widget-wrap elementor-element-populated\"><div class=\"elementor-element elementor-element-7f419d7 elementor-widget elementor-widget-text-editor\" data-id=\"7f419d7\" data-element_type=\"widget\" data-widget_type=\"text-editor.default\"><div class=\"elementor-widget-container\"><h2>SQUAD\u00a0LIGHT<\/h2><\/div><\/div><\/div><\/div><\/div><\/section><section class=\"elementor-section elementor-top-section elementor-element elementor-element-8b74d4e elementor-section-boxed elementor-section-height-default elementor-section-height-default\" data-particle_enable=\"false\" data-particle-mobile-disabled=\"false\" data-id=\"8b74d4e\" data-element_type=\"section\"><div class=\"elementor-container elementor-column-gap-default\"><div class=\"elementor-column elementor-col-100 elementor-top-column elementor-element elementor-element-e87dc39\" data-id=\"e87dc39\" data-element_type=\"column\"><div class=\"elementor-widget-wrap elementor-element-populated\"><div class=\"elementor-element elementor-element-063ac2c elementor-widget elementor-widget-text-editor\" data-id=\"063ac2c\" data-element_type=\"widget\" data-widget_type=\"text-editor.default\"><div class=\"elementor-widget-container\"><div><div><p>Un concept de parachute de secours \u00e0 la pointe de la technologie. La forme \u201ccarr\u00e9e\u201d totalement nouvelle, de deuxi\u00e8me g\u00e9n\u00e9ration, permet d\u2019atteindre de nouveaux standards de performance pour cet \u00e9quipement par rapport aux \u00e9quipements traditionnels existants.<\/p><p>Cette conception est la plus grande r\u00e9volution dans l\u2019histoire des parachutes de secours depuis leur invention, car elle permet une grande surface projet\u00e9e et sa stabilit\u00e9 est garantie par des valves lat\u00e9rales et un \u00e9quilibre g\u00e9om\u00e9trique.<\/p><p>Il peut \u00eatre utilis\u00e9 pour les vols de parapente et de paramoteur. Elle peut \u00eatre install\u00e9e soit dans le compartiment de r\u00e9serve du s\u00e9lecteur lui-m\u00eame, soit dans des conteneurs externes compatibles.<\/p><p>Le gain de performance dans la conception a permis de d\u00e9velopper une r\u00e9serve beaucoup plus l\u00e9g\u00e8re et plus compacte avec des mat\u00e9riaux durables.<\/p><\/div><div>\u00a0<\/div><\/div><table class=\"table table-condensed\" border=\"0\" cellspacing=\"1\" cellpadding=\"1\"><tbody><tr><td>CARACT\u00c9RISTIQUES PAR RAPPORT AUX PARACHUTES TRADITIONNELS\u00a0<\/td><\/tr><tr><td><ul><li>Taux de chute tr\u00e8s faible (10-15% de moins que ce qui est requis pour la limite de poids)<\/li><li>Meilleure stabilit\u00e9 pendulaire en toutes circonstances<\/li><li>Temps d\u2019ouverture 20-30% plus court<\/li><li>Environ 20% plus l\u00e9ger et plus compact<\/li><li>Deuxi\u00e8me g\u00e9n\u00e9ration plus facile \u00e0 manipuler et \u00e0 plier<\/li><\/ul><\/td><\/tr><\/tbody><\/table><hr \/><h2>\u00a0<\/h2><h2>Certification<\/h2><p>Conform\u00e9ment \u00e0 la norme LTF 91\/09 e EN 12491<\/p><p><a href=\"https:\/\/www.solparagliders.com.br\/userfiles\/files\/Certificacao\/squadlight-32.pdf\" target=\"_blank\" rel=\"noopener\">Squad Light 32<\/a><br \/><a href=\"https:\/\/www.solparagliders.com.br\/userfiles\/files\/Certificacao\/squadlight-35.pdf\" target=\"_blank\" rel=\"noopener\">Squad Light 35<\/a><br \/><a href=\"https:\/\/www.solparagliders.com.br\/userfiles\/files\/Certificacao\/squadlight-38.pdf\" target=\"_blank\" rel=\"noopener\">\u200bSquad Light 38<\/a><br \/><a href=\"https:\/\/para-test.com\/reports\/item\/4014-sol-paragliders-squad-light-42\" target=\"_blank\" rel=\"noopener\">Squad Light 42<\/a><br \/><a href=\"https:\/\/www.solparagliders.com.br\/userfiles\/files\/Certificacao\/squadlight-57.pdf\" target=\"_blank\" rel=\"noopener\">Squad Light\u00a057<\/a>\u00a0<\/p><\/div><\/div><\/div><\/div><\/div><\/section>\t\t\t\t\t\t\t\t<\/div>\n\t\t\t\t<\/div>\n\t\t\t\t\t<\/div>\n\t\t\t\t<\/div>\n\t\t<div class=\"elementor-element elementor-element-d32d74e e-con-full e-flex e-con e-parent\" data-id=\"d32d74e\" data-element_type=\"container\" data-e-type=\"container\">\n\t\t\t\t<div class=\"elementor-element elementor-element-0d728f4 elementor-widget elementor-widget-gallery\" data-id=\"0d728f4\" data-element_type=\"widget\" data-e-type=\"widget\" data-settings=\"{&quot;columns&quot;:5,&quot;aspect_ratio&quot;:&quot;1:1&quot;,&quot;lazyload&quot;:&quot;yes&quot;,&quot;gallery_layout&quot;:&quot;grid&quot;,&quot;columns_tablet&quot;:2,&quot;columns_mobile&quot;:1,&quot;gap&quot;:{&quot;unit&quot;:&quot;px&quot;,&quot;size&quot;:10,&quot;sizes&quot;:[]},&quot;gap_tablet&quot;:{&quot;unit&quot;:&quot;px&quot;,&quot;size&quot;:10,&quot;sizes&quot;:[]},&quot;gap_mobile&quot;:{&quot;unit&quot;:&quot;px&quot;,&quot;size&quot;:10,&quot;sizes&quot;:[]},&quot;link_to&quot;:&quot;file&quot;,&quot;overlay_background&quot;:&quot;yes&quot;,&quot;content_hover_animation&quot;:&quot;fade-in&quot;}\" data-widget_type=\"gallery.default\">\n\t\t\t\t<div class=\"elementor-widget-container\">\n\t\t\t\t\t\t\t<div class=\"elementor-gallery__container\">\n\t\t\t\t\t\t\t<a class=\"e-gallery-item elementor-gallery-item elementor-animated-content\" href=\"https:\/\/www.solfrance.fr\/ailes-paramoteur\/wp-content\/uploads\/sites\/3\/2025\/02\/60_1643.jpg\" data-elementor-open-lightbox=\"yes\" data-elementor-lightbox-slideshow=\"0d728f4\" data-elementor-lightbox-title=\"60_1643\" data-e-action-hash=\"#elementor-action%3Aaction%3Dlightbox%26settings%3DeyJpZCI6MzgzNSwidXJsIjoiaHR0cHM6XC9cL3d3dy5zb2xmcmFuY2UuZnJcL2FpbGVzLXBhcmFtb3RldXJcL3dwLWNvbnRlbnRcL3VwbG9hZHNcL3NpdGVzXC8zXC8yMDI1XC8wMlwvNjBfMTY0My5qcGciLCJzbGlkZXNob3ciOiIwZDcyOGY0In0%3D\">\n\t\t\t\t\t<div class=\"e-gallery-image elementor-gallery-item__image\" data-thumbnail=\"https:\/\/www.solfrance.fr\/ailes-paramoteur\/wp-content\/uploads\/sites\/3\/2025\/02\/60_1643.jpg\" data-width=\"1000\" data-height=\"1000\" aria-label=\"\" role=\"img\" ><\/div>\n\t\t\t\t\t\t\t\t\t\t\t<div class=\"elementor-gallery-item__overlay\"><\/div>\n\t\t\t\t\t\t\t\t\t\t\t\t\t\t<\/a>\n\t\t\t\t\t\t\t<a class=\"e-gallery-item elementor-gallery-item elementor-animated-content\" href=\"https:\/\/www.solfrance.fr\/ailes-paramoteur\/wp-content\/uploads\/sites\/3\/2025\/02\/60_1644.jpg\" data-elementor-open-lightbox=\"yes\" data-elementor-lightbox-slideshow=\"0d728f4\" data-elementor-lightbox-title=\"60_1644\" data-e-action-hash=\"#elementor-action%3Aaction%3Dlightbox%26settings%3DeyJpZCI6MzgzNiwidXJsIjoiaHR0cHM6XC9cL3d3dy5zb2xmcmFuY2UuZnJcL2FpbGVzLXBhcmFtb3RldXJcL3dwLWNvbnRlbnRcL3VwbG9hZHNcL3NpdGVzXC8zXC8yMDI1XC8wMlwvNjBfMTY0NC5qcGciLCJzbGlkZXNob3ciOiIwZDcyOGY0In0%3D\">\n\t\t\t\t\t<div class=\"e-gallery-image elementor-gallery-item__image\" data-thumbnail=\"https:\/\/www.solfrance.fr\/ailes-paramoteur\/wp-content\/uploads\/sites\/3\/2025\/02\/60_1644.jpg\" data-width=\"1000\" data-height=\"1000\" aria-label=\"\" role=\"img\" ><\/div>\n\t\t\t\t\t\t\t\t\t\t\t<div class=\"elementor-gallery-item__overlay\"><\/div>\n\t\t\t\t\t\t\t\t\t\t\t\t\t\t<\/a>\n\t\t\t\t\t\t\t<a class=\"e-gallery-item elementor-gallery-item elementor-animated-content\" href=\"https:\/\/www.solfrance.fr\/ailes-paramoteur\/wp-content\/uploads\/sites\/3\/2025\/02\/60_1645.jpg\" data-elementor-open-lightbox=\"yes\" data-elementor-lightbox-slideshow=\"0d728f4\" data-elementor-lightbox-title=\"60_1645\" data-e-action-hash=\"#elementor-action%3Aaction%3Dlightbox%26settings%3DeyJpZCI6MzgzNywidXJsIjoiaHR0cHM6XC9cL3d3dy5zb2xmcmFuY2UuZnJcL2FpbGVzLXBhcmFtb3RldXJcL3dwLWNvbnRlbnRcL3VwbG9hZHNcL3NpdGVzXC8zXC8yMDI1XC8wMlwvNjBfMTY0NS5qcGciLCJzbGlkZXNob3ciOiIwZDcyOGY0In0%3D\">\n\t\t\t\t\t<div class=\"e-gallery-image elementor-gallery-item__image\" data-thumbnail=\"https:\/\/www.solfrance.fr\/ailes-paramoteur\/wp-content\/uploads\/sites\/3\/2025\/02\/60_1645.jpg\" data-width=\"1000\" data-height=\"1000\" aria-label=\"\" role=\"img\" ><\/div>\n\t\t\t\t\t\t\t\t\t\t\t<div class=\"elementor-gallery-item__overlay\"><\/div>\n\t\t\t\t\t\t\t\t\t\t\t\t\t\t<\/a>\n\t\t\t\t\t\t\t<a class=\"e-gallery-item elementor-gallery-item elementor-animated-content\" href=\"https:\/\/www.solfrance.fr\/ailes-paramoteur\/wp-content\/uploads\/sites\/3\/2025\/02\/60_1646.jpg\" data-elementor-open-lightbox=\"yes\" data-elementor-lightbox-slideshow=\"0d728f4\" data-elementor-lightbox-title=\"60_1646\" data-e-action-hash=\"#elementor-action%3Aaction%3Dlightbox%26settings%3DeyJpZCI6MzgzOCwidXJsIjoiaHR0cHM6XC9cL3d3dy5zb2xmcmFuY2UuZnJcL2FpbGVzLXBhcmFtb3RldXJcL3dwLWNvbnRlbnRcL3VwbG9hZHNcL3NpdGVzXC8zXC8yMDI1XC8wMlwvNjBfMTY0Ni5qcGciLCJzbGlkZXNob3ciOiIwZDcyOGY0In0%3D\">\n\t\t\t\t\t<div class=\"e-gallery-image elementor-gallery-item__image\" data-thumbnail=\"https:\/\/www.solfrance.fr\/ailes-paramoteur\/wp-content\/uploads\/sites\/3\/2025\/02\/60_1646.jpg\" data-width=\"1000\" data-height=\"1000\" aria-label=\"\" role=\"img\" ><\/div>\n\t\t\t\t\t\t\t\t\t\t\t<div class=\"elementor-gallery-item__overlay\"><\/div>\n\t\t\t\t\t\t\t\t\t\t\t\t\t\t<\/a>\n\t\t\t\t\t\t\t<a class=\"e-gallery-item elementor-gallery-item elementor-animated-content\" href=\"https:\/\/www.solfrance.fr\/ailes-paramoteur\/wp-content\/uploads\/sites\/3\/2025\/02\/60_1773.jpg\" data-elementor-open-lightbox=\"yes\" data-elementor-lightbox-slideshow=\"0d728f4\" data-elementor-lightbox-title=\"60_1773\" data-e-action-hash=\"#elementor-action%3Aaction%3Dlightbox%26settings%3DeyJpZCI6MzgzOSwidXJsIjoiaHR0cHM6XC9cL3d3dy5zb2xmcmFuY2UuZnJcL2FpbGVzLXBhcmFtb3RldXJcL3dwLWNvbnRlbnRcL3VwbG9hZHNcL3NpdGVzXC8zXC8yMDI1XC8wMlwvNjBfMTc3My5qcGciLCJzbGlkZXNob3ciOiIwZDcyOGY0In0%3D\">\n\t\t\t\t\t<div class=\"e-gallery-image elementor-gallery-item__image\" data-thumbnail=\"https:\/\/www.solfrance.fr\/ailes-paramoteur\/wp-content\/uploads\/sites\/3\/2025\/02\/60_1773.jpg\" data-width=\"900\" data-height=\"900\" aria-label=\"\" role=\"img\" ><\/div>\n\t\t\t\t\t\t\t\t\t\t\t<div class=\"elementor-gallery-item__overlay\"><\/div>\n\t\t\t\t\t\t\t\t\t\t\t\t\t\t<\/a>\n\t\t\t\t\t<\/div>\n\t\t\t\t\t<\/div>\n\t\t\t\t<\/div>\n\t\t\t\t<\/div>\n\t\t<div class=\"elementor-element elementor-element-f50b25d e-flex e-con-boxed e-con e-parent\" data-id=\"f50b25d\" data-element_type=\"container\" data-e-type=\"container\">\n\t\t\t\t\t<div class=\"e-con-inner\">\n\t\t\t\t<div class=\"elementor-element elementor-element-a0e1f08 elementor-widget elementor-widget-text-editor\" data-id=\"a0e1f08\" data-element_type=\"widget\" data-e-type=\"widget\" data-widget_type=\"text-editor.default\">\n\t\t\t\t<div class=\"elementor-widget-container\">\n\t\t\t\t\t\t\t\t\t<h4>Donn\u00e9es techniques<\/h4>\n<table class=\"table table-condensed table-striped\" border=\"0\" cellspacing=\"1\" cellpadding=\"1\">\n<tbody>\n<tr>\n<td>\u00a0<\/td>\n<td>Mod\u00e8le<\/td>\n<td><strong>32<\/strong><\/td>\n<td><strong>35<\/strong><\/td>\n<td><strong>38<\/strong><\/td>\n<td><strong>42<\/strong><\/td>\n<td><strong>57-Bi<\/strong><\/td>\n<td>\u00a0<\/td>\n<\/tr>\n<tr>\n<td>\u00a0<\/td>\n<td>Poids<\/td>\n<td>1,43<\/td>\n<td>1,63<\/td>\n<td>1,78<\/td>\n<td>1,96<\/td>\n<td>3,00<\/td>\n<td>kg<\/td>\n<\/tr>\n<tr>\n<td>\u00a0<\/td>\n<td>PTV<\/td>\n<td>55-95<\/td>\n<td>70-110<\/td>\n<td>85-125<\/td>\n<td>100-140<\/td>\n<td>140-220<\/td>\n<td>kg<\/td>\n<\/tr>\n<tr>\n<td>\u00a0<\/td>\n<td>Surface<\/td>\n<td rowspan=\"1\">32,00<\/td>\n<td rowspan=\"1\">35,00<\/td>\n<td rowspan=\"1\">38,00<\/td>\n<td rowspan=\"1\">42,00<\/td>\n<td rowspan=\"1\">57,00<\/td>\n<td>m2<\/td>\n<\/tr>\n<tr>\n<td>\u00a0<\/td>\n<td>TC<\/td>\n<td rowspan=\"1\">5,0<\/td>\n<td rowspan=\"1\">5,0<\/td>\n<td rowspan=\"1\">5,0<\/td>\n<td rowspan=\"1\">5,3<\/td>\n<td rowspan=\"1\">5,3<\/td>\n<td>m\/s<\/td>\n<\/tr>\n<tr>\n<td>\u00a0<\/td>\n<td>Hauteur<\/td>\n<td rowspan=\"1\">5,84<\/td>\n<td rowspan=\"1\">6,20<\/td>\n<td rowspan=\"1\">6,46<\/td>\n<td rowspan=\"1\">7,04<\/td>\n<td rowspan=\"1\">8,18<\/td>\n<td>m<\/td>\n<\/tr>\n<tr>\n<td>\u00a0<\/td>\n<td>Nombre de suspentes<\/td>\n<td rowspan=\"1\">17<\/td>\n<td rowspan=\"1\">17<\/td>\n<td rowspan=\"1\">17<\/td>\n<td rowspan=\"1\">17<\/td>\n<td rowspan=\"1\">25<\/td>\n<td>\u00a0<\/td>\n<\/tr>\n<tr>\n<td>\u00a0<\/td>\n<td>Volume<\/td>\n<td>3,3<\/td>\n<td>4,1<\/td>\n<td>5,0<\/td>\n<td>5,8<\/td>\n<td>9<\/td>\n<td>Lt<\/td>\n<\/tr>\n<tr>\n<td>\u00a0<\/td>\n<td>Certification\u00a0<\/td>\n<td rowspan=\"1\">EAPR-RG<br \/>0638\/17<\/td>\n<td rowspan=\"1\">EAPR-RG<br \/>0637\/17<\/td>\n<td rowspan=\"1\">EAPR-RG<br \/>0621\/17<\/td>\n<td rowspan=\"1\">Air Turquoise<br \/>EP 233.2018<\/td>\n<td rowspan=\"1\">EAPR-RG<br \/>0789\/18<\/td>\n<td>LTF<br \/>EN<\/td>\n<\/tr>\n<\/tbody>\n<\/table>\n<hr \/>\n<h4>Mat\u00e9riaux<\/h4>\n<p>Depuis 1991, SOL produit et suit l\u2019\u00e9volution des mat\u00e9riaux et des produits. Notre exp\u00e9rience nous am\u00e8ne \u00e0 choisir avec soin les mat\u00e9riaux utilis\u00e9s, garantissant ainsi une grande durabilit\u00e9 et un haut niveau de s\u00e9curit\u00e9. Tous les parachutes de secours SOL sont fabriqu\u00e9s dans notre propre usine, certifi\u00e9e par le DHV..\u00a0\u00a0<\/p>\n<table class=\" table table-condensed\" border=\"0\" cellspacing=\"1\" cellpadding=\"1\">\n<tbody>\n<tr>\n<td><strong>Tissu:\u00a0<\/strong>Ripstop de Nylon de Alta Tenacidade 20D 30 gr\/m2.\u00a0<\/td>\n<td>\u00a0<\/td>\n<\/tr>\n<tr>\n<td><strong>El\u00e9vateur:\u00a0<\/strong>Flat de Dyneema\u00a02500 Dan 5 mm<\/td>\n<td>\u00a0<\/td>\n<\/tr>\n<tr>\n<td><strong>Suspentes:<\/strong>\u00a0Nylon de Alta Tenacidade 180 Dan 3 mm<\/td>\n<td>\u00a0<\/td>\n<\/tr>\n<\/tbody>\n<\/table>\n<hr \/>\n<h4>Instructions depliage et d\u2019installation \/ Test d\u2019 Homologation<\/h4>\t\t\t\t\t\t\t\t<\/div>\n\t\t\t\t<\/div>\n\t\t\t\t\t<\/div>\n\t\t\t\t<\/div>\n\t\t<div class=\"elementor-element elementor-element-6255b66 e-flex e-con-boxed e-con e-parent\" data-id=\"6255b66\" data-element_type=\"container\" data-e-type=\"container\">\n\t\t\t\t\t<div class=\"e-con-inner\">\n\t\t\t\t<div class=\"elementor-element elementor-element-b79f604 elementor-widget elementor-widget-video\" data-id=\"b79f604\" data-element_type=\"widget\" data-e-type=\"widget\" data-settings=\"{&quot;youtube_url&quot;:&quot;https:\\\/\\\/youtu.be\\\/ugaqRXoOiE0&quot;,&quot;video_type&quot;:&quot;youtube&quot;,&quot;controls&quot;:&quot;yes&quot;}\" data-widget_type=\"video.default\">\n\t\t\t\t<div class=\"elementor-widget-container\">\n\t\t\t\t\t\t\t<div class=\"elementor-wrapper elementor-open-inline\">\n\t\t\t<div class=\"elementor-video\"><\/div>\t\t<\/div>\n\t\t\t\t\t\t<\/div>\n\t\t\t\t<\/div>\n\t\t\t\t\t<\/div>\n\t\t\t\t<\/div>\n\t\t<div class=\"elementor-element elementor-element-3721e36 e-flex e-con-boxed e-con e-parent\" data-id=\"3721e36\" data-element_type=\"container\" data-e-type=\"container\">\n\t\t\t\t\t<div class=\"e-con-inner\">\n\t\t\t\t<div class=\"elementor-element elementor-element-f41d671 elementor-widget elementor-widget-video\" data-id=\"f41d671\" data-element_type=\"widget\" data-e-type=\"widget\" data-settings=\"{&quot;youtube_url&quot;:&quot;https:\\\/\\\/youtu.be\\\/3Lkcbwk6cLU&quot;,&quot;video_type&quot;:&quot;youtube&quot;,&quot;controls&quot;:&quot;yes&quot;}\" data-widget_type=\"video.default\">\n\t\t\t\t<div class=\"elementor-widget-container\">\n\t\t\t\t\t\t\t<div class=\"elementor-wrapper elementor-open-inline\">\n\t\t\t<div class=\"elementor-video\"><\/div>\t\t<\/div>\n\t\t\t\t\t\t<\/div>\n\t\t\t\t<\/div>\n\t\t\t\t\t<\/div>\n\t\t\t\t<\/div>\n\t\t<div class=\"elementor-element elementor-element-87564c8 e-flex e-con-boxed e-con e-parent\" data-id=\"87564c8\" data-element_type=\"container\" data-e-type=\"container\">\n\t\t\t\t\t<div class=\"e-con-inner\">\n\t\t<div class=\"elementor-element elementor-element-20ea3f5 e-con-full e-flex e-con e-child\" data-id=\"20ea3f5\" data-element_type=\"container\" data-e-type=\"container\">\n\t\t\t\t<div class=\"elementor-element elementor-element-78a10f5 elementor-align-center elementor-widget elementor-widget-button\" data-id=\"78a10f5\" data-element_type=\"widget\" data-e-type=\"widget\" data-widget_type=\"button.default\">\n\t\t\t\t<div class=\"elementor-widget-container\">\n\t\t\t\t\t\t\t\t\t<div class=\"elementor-button-wrapper\">\n\t\t\t\t\t<a class=\"elementor-button elementor-button-link elementor-size-sm\" href=\"\/ailes-paramoteur\/wp-content\/uploads\/sites\/3\/2025\/03\/squadlightfr.pdf\">\n\t\t\t\t\t\t<span class=\"elementor-button-content-wrapper\">\n\t\t\t\t\t\t\t\t\t<span class=\"elementor-button-text\">Manuel<\/span>\n\t\t\t\t\t<\/span>\n\t\t\t\t\t<\/a>\n\t\t\t\t<\/div>\n\t\t\t\t\t\t\t\t<\/div>\n\t\t\t\t<\/div>\n\t\t\t\t<\/div>\n\t\t<div class=\"elementor-element elementor-element-cdbb60d e-con-full e-flex e-con e-child\" data-id=\"cdbb60d\" data-element_type=\"container\" data-e-type=\"container\">\n\t\t\t\t<div class=\"elementor-element elementor-element-c7cc89f elementor-align-center elementor-widget elementor-widget-button\" data-id=\"c7cc89f\" data-element_type=\"widget\" data-e-type=\"widget\" data-widget_type=\"button.default\">\n\t\t\t\t<div class=\"elementor-widget-container\">\n\t\t\t\t\t\t\t\t\t<div class=\"elementor-button-wrapper\">\n\t\t\t\t\t<a class=\"elementor-button elementor-button-link elementor-size-sm\" href=\"\/wp-content\/uploads\/2025\/02\/reserva_squadlight_FR.pdf\">\n\t\t\t\t\t\t<span class=\"elementor-button-content-wrapper\">\n\t\t\t\t\t\t\t\t\t<span class=\"elementor-button-text\">info<\/span>\n\t\t\t\t\t<\/span>\n\t\t\t\t\t<\/a>\n\t\t\t\t<\/div>\n\t\t\t\t\t\t\t\t<\/div>\n\t\t\t\t<\/div>\n\t\t\t\t<\/div>\n\t\t\t\t\t<\/div>\n\t\t\t\t<\/div>\n\t\t\t\t<\/div>\n\t\t","protected":false},"excerpt":{"rendered":"<p>SQUAD\u00a0LIGHT Un concept de parachute de secours \u00e0 la pointe de la technologie. La forme \u201ccarr\u00e9e\u201d totalement nouvelle, de deuxi\u00e8me g\u00e9n\u00e9ration, permet d\u2019atteindre de nouveaux standards de performance pour cet \u00e9quipement par rapport aux \u00e9quipements traditionnels existants. Cette conception est la plus grande r\u00e9volution dans l\u2019histoire des parachutes de secours depuis leur invention, car elle [&hellip;]<\/p>\n","protected":false},"author":1,"featured_media":0,"parent":0,"menu_order":0,"comment_status":"closed","ping_status":"closed","template":"","meta":{"cybocfi_hide_featured_image":"","footnotes":""},"class_list":["post-3832","page","type-page","status-publish","hentry"],"aioseo_notices":[],"_links":{"self":[{"href":"https:\/\/www.solfrance.fr\/ailes-paramoteur\/wp-json\/wp\/v2\/pages\/3832","targetHints":{"allow":["GET"]}}],"collection":[{"href":"https:\/\/www.solfrance.fr\/ailes-paramoteur\/wp-json\/wp\/v2\/pages"}],"about":[{"href":"https:\/\/www.solfrance.fr\/ailes-paramoteur\/wp-json\/wp\/v2\/types\/page"}],"author":[{"embeddable":true,"href":"https:\/\/www.solfrance.fr\/ailes-paramoteur\/wp-json\/wp\/v2\/users\/1"}],"replies":[{"embeddable":true,"href":"https:\/\/www.solfrance.fr\/ailes-paramoteur\/wp-json\/wp\/v2\/comments?post=3832"}],"version-history":[{"count":20,"href":"https:\/\/www.solfrance.fr\/ailes-paramoteur\/wp-json\/wp\/v2\/pages\/3832\/revisions"}],"predecessor-version":[{"id":5065,"href":"https:\/\/www.solfrance.fr\/ailes-paramoteur\/wp-json\/wp\/v2\/pages\/3832\/revisions\/5065"}],"wp:attachment":[{"href":"https:\/\/www.solfrance.fr\/ailes-paramoteur\/wp-json\/wp\/v2\/media?parent=3832"}],"curies":[{"name":"wp","href":"https:\/\/api.w.org\/{rel}","templated":true}]}}