{"id":4628,"date":"2025-03-05T12:52:53","date_gmt":"2025-03-05T12:52:53","guid":{"rendered":"https:\/\/www.solfrance.fr\/ailes-paramoteur\/developement\/"},"modified":"2025-03-05T13:05:34","modified_gmt":"2025-03-05T13:05:34","slug":"developement","status":"publish","type":"page","link":"https:\/\/www.solfrance.fr\/ailes-paramoteur\/developement\/","title":{"rendered":"Developement"},"content":{"rendered":"\t\t<div data-elementor-type=\"wp-page\" data-elementor-id=\"4628\" class=\"elementor elementor-4628\" data-elementor-post-type=\"page\">\n\t\t\t\t<div class=\"elementor-element elementor-element-b5a51e3 e-flex e-con-boxed e-con e-parent\" data-id=\"b5a51e3\" data-element_type=\"container\" data-e-type=\"container\">\n\t\t\t\t\t<div class=\"e-con-inner\">\n\t\t\t\t<div class=\"elementor-element elementor-element-4766544 elementor-widget elementor-widget-text-editor\" data-id=\"4766544\" data-element_type=\"widget\" data-e-type=\"widget\" data-widget_type=\"text-editor.default\">\n\t\t\t\t<div class=\"elementor-widget-container\">\n\t\t\t\t\t\t\t\t\t<h1>D\u00e9veloppement<\/h1>\t\t\t\t\t\t\t\t<\/div>\n\t\t\t\t<\/div>\n\t\t\t\t<div class=\"elementor-element elementor-element-45c3751 elementor-widget elementor-widget-text-editor\" data-id=\"45c3751\" data-element_type=\"widget\" data-e-type=\"widget\" data-widget_type=\"text-editor.default\">\n\t\t\t\t<div class=\"elementor-widget-container\">\n\t\t\t\t\t\t\t\t\t<p>Le processus de d\u00e9veloppement d&rsquo;un nouveau produit n\u00e9cessite beaucoup d&rsquo;\u00e9tudes et d&rsquo;attention aux besoins du march\u00e9. Pour ce faire, il est essentiel que l&rsquo;entreprise soit au courant des nouvelles technologies en mati\u00e8re de mat\u00e9riaux et d&rsquo;\u00e9quipements, ainsi que des lancements de ses concurrents.<\/p><p><br \/>La recherche<br \/>SOL fonctionne selon deux axes de recherche, coordonn\u00e9s par le designer Andr\u00e9 Rottet. Le premier consiste en des recherches dans des livres, des magazines et sur l&rsquo;internet, o\u00f9 l&rsquo;entreprise s&rsquo;informe des nouveaux d\u00e9veloppements dans le monde de l&rsquo;aviation sportive, des textiles et du sport en g\u00e9n\u00e9ral.<\/p><p>Ces innovations sont v\u00e9rifi\u00e9es par la participation \u00e0 des foires de sports de plein air, des foires nautiques, des foires de technologie de production, des foires de technologie industrielle et des foires de mat\u00e9riaux textiles, ainsi que par la pr\u00e9sence aux principales comp\u00e9titions mondiales.<\/p><p>La deuxi\u00e8me ligne consiste en ce que nous appelons la recherche sur le terrain, avec des pilotes d&rsquo;essai, des \u00e9quipes de cascadeurs et le parrainage de pilotes de course, o\u00f9 il devient possible de mesurer les performances des \u00e9quipements fabriqu\u00e9s, en d\u00e9tectant les forces et les faiblesses de chaque projet.<\/p><h4>Conception<\/h4><p>La philosophie de SOL consiste \u00e0 lancer des produits qui sont exponentiellement meilleurs que les produits actuels, en garantissant des avanc\u00e9es significatives dans quatre domaines : la s\u00e9curit\u00e9, la performance, la facilit\u00e9 d&rsquo;utilisation et l&rsquo;innovation.<\/p><p>S\u00e9curit\u00e9 : le nouveau produit doit offrir une s\u00e9curit\u00e9 compatible ou sup\u00e9rieure \u00e0 celle du produit qu&rsquo;il remplace ;<\/p><p>Performance : le nouveau produit doit \u00eatre plus performant que le produit qu&rsquo;il remplace ;<\/p><p>Facilit\u00e9 d&rsquo;utilisation : le nouveau produit doit offrir une plus grande facilit\u00e9 d&rsquo;utilisation que le produit qu&rsquo;il remplace ;<\/p><p>Innovation : les nouveaux produits doivent apporter de r\u00e9els avantages \u00e0 l&rsquo;utilisateur, en facilitant la pratique du vol libre et en augmentant la s\u00e9curit\u00e9, ou les deux.<\/p><p>L&rsquo;ensemble du processus de d\u00e9veloppement d&rsquo;un nouveau produit commence par l&rsquo;utilisation d&rsquo;un ordinateur. Des logiciels de conception, de mod\u00e9lisation (2D et 3D) et de simulation sont utilis\u00e9s avant la r\u00e9alisation des prototypes, assurant ainsi une plus grande pr\u00e9cision dans la conception.<\/p><h4>Essais<\/h4><p>SOL est situ\u00e9 \u00e0 proximit\u00e9 d&rsquo;une rampe de d\u00e9collage de 840 m, qui offre de bonnes conditions de vol tout au long de l&rsquo;ann\u00e9e. Profitant de cette situation, l&rsquo;entreprise teste continuellement ses prototypes et envoie des \u00e9chantillons \u00e0 diff\u00e9rents pilotes en Europe.<\/p><p>SOL surveille \u00e9galement en permanence les mat\u00e9riaux utilis\u00e9s dans la fabrication de ses produits, toujours soucieux de conserver leurs caract\u00e9ristiques d&rsquo;origine, m\u00eame apr\u00e8s de nombreuses heures de vol.<\/p><p>Ce suivi permet \u00e0 l&rsquo;entreprise d&rsquo;offrir la garantie SOL de 3 ans ou 300 heures de vol pour tous les parapentes produits depuis le 1er janvier 2000.<\/p><h4>La production<\/h4><p>Un processus d&rsquo;am\u00e9lioration constante de la conception, de la production et du contr\u00f4le est la base pour que SOL offre les meilleurs produits \u00e0 ses clients.<br \/>Une \u00e9quipe de d\u00e9veloppement bien inform\u00e9e de ce qui se passe dans le monde du parapente est essentielle pour que SOL maintienne ses produits au niveau des meilleurs.<\/p><p>En production, des techniques de coupe sym\u00e9trique raffin\u00e9es sont utilis\u00e9es, ce qui permet une pr\u00e9cision d\u00e8s le d\u00e9but de la fabrication d&rsquo;une pi\u00e8ce d&rsquo;\u00e9quipement.<\/p><p>Des machines modernes \u00e9quip\u00e9es de tireuses permettent de tirer parfaitement les tissus pendant le processus de couture.<\/p><p>Tous les fils sont pr\u00e9-\u00e9tir\u00e9s et coup\u00e9s avec une tension individuelle de 5 kg.<\/p><p>L&rsquo;assemblage et l&rsquo;inspection finale sont effectu\u00e9s par des personnes qui volent et qui comprennent ce que signifie la fabrication de parapentes et d&rsquo;autres \u00e9quipements de vol.<\/p>\t\t\t\t\t\t\t\t<\/div>\n\t\t\t\t<\/div>\n\t\t\t\t\t<\/div>\n\t\t\t\t<\/div>\n\t\t\t\t<\/div>\n\t\t","protected":false},"excerpt":{"rendered":"<p>D\u00e9veloppement Le processus de d\u00e9veloppement d&rsquo;un nouveau produit n\u00e9cessite beaucoup d&rsquo;\u00e9tudes et d&rsquo;attention aux besoins du march\u00e9. Pour ce faire, il est essentiel que l&rsquo;entreprise soit au courant des nouvelles technologies en mati\u00e8re de mat\u00e9riaux et d&rsquo;\u00e9quipements, ainsi que des lancements de ses concurrents. La rechercheSOL fonctionne selon deux axes de recherche, coordonn\u00e9s par le [&hellip;]<\/p>\n","protected":false},"author":1,"featured_media":0,"parent":0,"menu_order":0,"comment_status":"closed","ping_status":"closed","template":"","meta":{"cybocfi_hide_featured_image":"","footnotes":""},"class_list":["post-4628","page","type-page","status-publish","hentry"],"aioseo_notices":[],"_links":{"self":[{"href":"https:\/\/www.solfrance.fr\/ailes-paramoteur\/wp-json\/wp\/v2\/pages\/4628","targetHints":{"allow":["GET"]}}],"collection":[{"href":"https:\/\/www.solfrance.fr\/ailes-paramoteur\/wp-json\/wp\/v2\/pages"}],"about":[{"href":"https:\/\/www.solfrance.fr\/ailes-paramoteur\/wp-json\/wp\/v2\/types\/page"}],"author":[{"embeddable":true,"href":"https:\/\/www.solfrance.fr\/ailes-paramoteur\/wp-json\/wp\/v2\/users\/1"}],"replies":[{"embeddable":true,"href":"https:\/\/www.solfrance.fr\/ailes-paramoteur\/wp-json\/wp\/v2\/comments?post=4628"}],"version-history":[{"count":0,"href":"https:\/\/www.solfrance.fr\/ailes-paramoteur\/wp-json\/wp\/v2\/pages\/4628\/revisions"}],"wp:attachment":[{"href":"https:\/\/www.solfrance.fr\/ailes-paramoteur\/wp-json\/wp\/v2\/media?parent=4628"}],"curies":[{"name":"wp","href":"https:\/\/api.w.org\/{rel}","templated":true}]}}